5. What are the prime factors of (-389)/(-1) - (u - 3)*2?
17, 23
Let m(c) = 34*c**2 + 2*c + 25. Let z be m(-4). Suppose -2189 = -5*l + 3*d - z, 4*d + 1629 = 5*l. List the prime factors of l.
5, 13
Let p(y) = 3*y**3 - 4*y**2 + y - 4. Let h be p(2). Suppose 4*v + q = 604, -2*v + h*v = -4*q + 604. List the prime factors of v.
151
List the prime factors of (-12)/21 - -1 - 136830/(-14).
2, 3, 181
Let l(w) = -1600*w - 416. What are the prime factors of l(-7)?
2, 337
Suppose -35*i + 6*i + 655686 = 44*i. List the prime factors of i.
2, 3, 499
Let n(s) = 2*s**2 - 2*s + 13. Let w be n(3). Let q(l) = 18*l - 103. List the prime factors of q(w).
347
Let b(z) = 3*z**2 + 2*z + 1. Let w be (-8 + 4 - -7)*20/6. Suppose 13*j - w*j = 21. List the prime factors of b(j).
2, 3
Suppose 2 = -11*i + 24. Suppose y + 1187 = 2*v, 3*v - 3*y - i*y = 1798. Suppose -1137 = -4*u + j, -3*u + 5*j + v = -u. List the prime factors of u.
283
Suppose 0 = -10*f + 6990 - 18190. Let b = 1615 + f. What are the prime factors of b?
3, 5, 11
Let l = 29921 + -17910. List the prime factors of l.
12011
Suppose -3*o - 31686 = -3*k, -11289 = -k + 2*o - 732. List the prime factors of k.
10567
Let z(k) = 25*k**2 + k - 2. Let x = 41 + -29. Let g = -11 + x. List the prime factors of z(g).
2, 3
Let y(s) = 124*s + 824. List the prime factors of y(17).
2, 733
Let s(r) be the first derivative of 6*r**2 - 57*r - 1. Let k be s(7). Suppose -k*z = -24*z - 525. What are the prime factors of z?
5, 7
Let m = -25498 + 47441. List the prime factors of m.
21943
Let r(i) = -25*i - 171. Let f be r(-7). Suppose -2*o - k - f*k = -668, 3*o = -5*k + 1012. List the prime factors of o.
2, 43
Suppose 0 = 580*d - 576*d - 2*n - 8588, -8*d + 17156 = n. List the prime factors of d.
3, 5, 11, 13
Let r(b) = 3*b**3 + 137*b**2 - 55*b - 308. List the prime factors of r(-39).
32257
Let n(g) be the third derivative of g**4/8 + 17*g**3/6 + 2*g**2. Let i be n(-6). What are the prime factors of 7*(i - 39/(-21))*5?
2, 3, 5
List the prime factors of -7*(0 - 1)*435290/203.
2, 5, 19, 79
Let s = -95 + 370. Let m = s + -226. What are the prime factors of m?
7
Suppose v + 3*y - 12401 = 0, -v + 12341 = 40*y - 47*y. List the prime factors of v.
7, 29, 61
List the prime factors of (2640 - -18)/(((-104)/64)/(-13)).
2, 3, 443
Let l = 3590 - 2073. Let r = -972 + l. What are the prime factors of r?
5, 109
Suppose -12 = 6*i - 2*i, 1860 = 3*l - 5*i. Suppose -3*x - 630 = -8*x - n, -5*x + 2*n + l = 0. What are the prime factors of x?
5
Let t = -11300 + 21354. List the prime factors of t.
2, 11, 457
Suppose 0 = 5*s + x + 3*x - 18, s + x = 4. Suppose 0 = 4*d - s*a - 2392, 6*a + 1184 = 2*d + 2*a. List the prime factors of d.
2, 3, 5
Suppose 4*z - 6516 = -3*y, 5*y - 10860 = 20*z - 19*z. What are the prime factors of y?
2, 3, 181
Let d(p) = -147*p - 134. Let k be d(-6). Let u = 874 - k. List the prime factors of u.
2, 3, 7
Suppose -3*i - 3*d = 1291 - 24115, i - 3*d - 7624 = 0. List the prime factors of i.
2, 11, 173
Let v = -2298 - -3938. Suppose 7*g + v = 15*g. What are the prime factors of g?
5, 41
Let t(g) be the third derivative of 13*g**4/24 + 25*g**3/2 + 7*g**2 - 4*g. What are the prime factors of t(39)?
2, 3, 97
Let a = 5864 + -3427. List the prime factors of a.
2437
Let h be 3748/12 - (-20)/12. Suppose -2*f = -h - 282. List the prime factors of f.
2, 149
Let v = 279 + -275. Suppose -3*t - v*b = -0*b - 735, 5*t - 4*b = 1225. List the prime factors of t.
5, 7
What are the prime factors of (-3012)/1255*(-2 - 21122/4)?
2, 3, 2113
Let g(t) = 366*t**2 + 86*t + 29. List the prime factors of g(-4).
3, 1847
Let k = 142 - 82. List the prime factors of 5/(k/(-8)) - 1463/(-3).
487
Suppose -361*a + 357*a = 5*z - 19001, 0 = -2*a - 2*z + 9500. What are the prime factors of a?
3, 1583
Let q be (2 + 4 + -2)/2. Suppose q*h - 730 = h. List the prime factors of (-3)/9 - h/(-30).
2, 3
Let w(j) be the second derivative of 0 + 17*j - 37/2*j**2 + 10*j**3. List the prime factors of w(4).
7, 29
Let m be (16/12 - 2)/(3/(-9)). Let z(i) = -m - 10*i - i - 6*i**3 + 6*i**2 + 9*i**3 + 2*i. List the prime factors of z(3).
2, 53
Let v(z) = -35 - 52*z - 20 + 71. List the prime factors of v(-8).
2, 3
Let u(c) = 5*c**2 + 50 + 14 - 147 + 6 + 4*c. List the prime factors of u(12).
691
Let k(r) = -55*r + 202. Let o = -637 + 618. List the prime factors of k(o).
29, 43
Let a(r) = -2*r**3 + 2*r**2 - 6*r + 9471. List the prime factors of a(0).
3, 7, 11, 41
Suppose 146*r - 144*r + 19776 = 5*v, -5*v + 5*r = -19770. List the prime factors of v.
2, 23, 43
Let c = -1 - -5. Let v be 1 + 1138*(14/4 - c). Let s = -355 - v. What are the prime factors of s?
3, 71
Suppose -5*h = -20 - 0. Suppose -h*q + 281 = -1035. List the prime factors of q.
7, 47
Let d be 132/(-308) + 146/14. Suppose -63394 = -d*j - 48*j. List the prime factors of j.
1093
Let o(b) = b**3 + 27*b**2 + 33*b - 59. Let h be 0 + -5 - (-13)/(52/(-80)). What are the prime factors of o(h)?
2, 3, 61
Let j = -3335 + 921. Let x = j + 3686. List the prime factors of x.
2, 3, 53
Let q(h) = -10*h + 12. Let c be q(1). Suppose c*d = 2210 + 40. List the prime factors of d.
3, 5
Suppose 4624*w = 4633*w - 233523. List the prime factors of w.
3, 31
Let i = 136 + -60. Suppose -17*d = -2*z - 14*d - 80, 4*z + 152 = 4*d. Let l = z + i. List the prime factors of l.
2, 3, 7
Let g(d) = 3*d**2 + d + 1. Let n be g(-1). Suppose -k = -4, -2*k + 3 + 23 = n*i. Suppose 368 = -i*s + 896. List the prime factors of s.
2, 11
Let i be 5284/36 - 8/(-36). Let n = -60 + i. List the prime factors of n.
3, 29
Suppose -b + 4*m + 52 = 0, -4*m + 41 = -3*b + 213. Suppose b*i + 10880 = 99380. List the prime factors of i.
5, 59
Suppose 0 = -4*q - 1 + 13. Suppose 5*o + q = 68. Suppose 11*d + 104 = o*d. List the prime factors of d.
2, 13
Let k(b) = 6*b + 14. Let m(f) = -1. Let l(u) = -k(u) + 6*m(u). Let r be l(-9). Suppose 29*y + 460 = r*y. List the prime factors of y.
2, 23
Suppose -5*y - g + 1298 = -2054, 3348 = 5*y - g. Let p = y + -339. List the prime factors of p.
331
Suppose -3*t + t + 692 = w, 0 = -5*t. Let c = w + -313. What are the prime factors of c?
379
Let q be (-92 + 2)/(-6*2/138). Suppose 4*f + 4*c + 1014 = 5*f, -f - 3*c = -q. What are the prime factors of f?
2, 3, 19
Let j(y) = 191*y - 2443. What are the prime factors of j(47)?
2, 3, 11
List the prime factors of (2 - 5286)/(15/((-120)/16)).
2, 1321
Let v(s) = s**2 - 14*s - 49. Let u be v(-15). Let x = u + -205. What are the prime factors of x?
181
What are the prime factors of (39755/(-6))/((-2)/3) + 4083/(-5444)?
2, 4969
Let c = 58 + -55. Suppose 5*a = c*q + 468, 5*a - 2*q = -q + 466. Let g = a + -68. What are the prime factors of g?
5
Suppose 38898 = 190*r - 184*r. What are the prime factors of r?
3, 2161
Suppose 5*q = -641 - 624. Let p = 124 - q. List the prime factors of p.
13, 29
Let c be -2676*(-1)/(16/20). Suppose 311 = l - 2*x - 514, c = 4*l + x. What are the prime factors of l?
5, 167
Suppose 24 = -16*x + 11*x - q, -3*x - 28 = 4*q. What are the prime factors of -6 + 7 + x + 186 + 4?
11, 17
What are the prime factors of -2 - -374*(-4500)/(-40)?
42073
Suppose -4*p = 3*f - 536, -5*p + 4*f = -7*p + 268. List the prime factors of (-67)/p + (8235/(-2))/(-3).
2, 7
Let z = 54 - 55. List the prime factors of 127 + (-2 - z/(4/4)).
2, 3, 7
Let z(y) = 14*y - 82. Let o(f) = -2. Let r(k) = -2*o(k) - z(k). What are the prime factors of r(-20)?
2, 3, 61
Suppose 5*p - 25 = 3*y, -29 = -2*p + 2*y + 3*y. Suppose i - p*g - 67 = 173, -i = -5*g - 249. List the prime factors of i.
2, 3, 13
Suppose 0 = 5*i - c - 3*c - 21, -2*c = -2*i + 10. Let a be (i - -1)/(16/(-824)). Let g = -59 - a. What are the prime factors of g?
2, 11
Let z = 56 - 473. Let p = 756 + z. What are the prime factors of p?
3, 113
Suppose -315*i + 157*i + 166*i - 44048 = 0. What are the prime factors of i?
2, 2753
What are the prime factors of 2/(-30) + 50923136/3540?
3, 5, 7, 137
Let v be 2 - (-4)/3*-3. Let c be (4 - 11) + 232/(-8). Let y = v - c. What are the prime factors of y?
2, 17
Suppose 2*l - 5 = l, 0 = b - l + 1. Let q be (-93)/(-3) + -3 + -1 + b. List the prime factors of q + ((-15)/6 - -3)*-6.
2, 7
Suppose 13*o = 18*o - 100099 - 164856. List the prime factors of o.
19, 2789
Suppose -26 + 26 = 3*f. Suppose f = 6*h - 5*h - 1, 4*x + 4*h - 3492 = 0. What are 